ided by x.
2
What is the remainder when (2/((-44)/(-13871)))/(2/4) is divided by 16?
13
Suppose 5*u = 751 + 154. Calculate the remainder when u is divided by 23.
20
Suppose 5*a - 177 - 103 = 0. Let r(n) = -n**3 + 11*n**2 - 24*n + 19. Let t be r(9). Let j = t + a. What is the remainder when 83 is divided by j?
20
Let o be 7 + -3 + -1 - 1. Suppose o*q + 162 = 3*q. What is the remainder when 33 is divided by (2/(-6))/((-6)/q)?
6
Suppose 20 - 16 = 2*b. Suppose 0 = b*i + 17 - 163. Suppose 3*g + 9 = 0, g = 4*y + 2*g - i. What is the remainder when 94 is divided by y?
18
Suppose 0 = 5*u - 4*n - 18, -5*u + 0*n + 12 = -n. Suppose 3*t = -u*m + 58, -5*m - 75 = -5*t - 4*m. What is the remainder when 45 is divided by t?
13
Calculate the remainder when 41 is divided by (-4)/10 + (-160)/(-25).
5
Calculate the remainder when (-1)/(-5)*3290/2 is divided by 15.
14
Suppose 3*m = 3*p + 30, -p - 12 + 44 = 2*m. Calculate the remainder when 22 is divided by m.
8
Let d(g) = -20*g - 97. Calculate the remainder when 252 is divided by d(-6).
22
Let f(l) = l**3 + 11*l**2 - 16*l - 19. Let n = 20 - 11. What is the remainder when f(-12) is divided by (n/6 - 2)*-22?
7
Let a(x) = 6*x**2 - 2*x + 3. Let w be (2 - (-6)/3) + -1. Suppose 4*j - 3*k = 14, w*k = -2*j + 5*k + 8. What is the remainder when a(j) is divided by 8?
7
Let t(a) = 2*a**3 + 13*a**2 - 4*a + 4. Calculate the remainder when t(-4) is divided by 34.
32
Let d be 3/6*14 - 4. Let q = 7 - d. Suppose -q = h - 0, h + 124 = 3*v. What is the remainder when v is divided by 21?
19
Let y be (-1)/((-1)/(-6) + 354/(-2070)). Let z = y - 151. Suppose -7*h + 100 = -2*h. What is the remainder when z is divided by h?
19
What is the remainder when -1 + 207 + 42/7 + -6 is divided by 8?
6
Let h = -1793 + 1900. Calculate the remainder when 3742 is divided by h.
104
What is the remainder when (60/(-150))/(3/(-480)) is divided by 6?
4
Suppose -3*j + j - 5*o = -45, 2*o - 102 = -5*j. Suppose -b + j = i, 4*i + 2 = b - 3. What is the remainder when 30 is divided by b?
13
Suppose 4*k = -l - 223, -3*k - l + 0*l = 168. Let j = k + 120. What is the remainder when j is divided by 22?
21
Let w(z) = -z**3 - 6*z**2 - 6*z + 3. Suppose 2*j + 4 = 4*r + 2, -2*r - 4 = 4*j. Suppose -20 = -2*q - r*q. What is the remainder when w(-6) is divided by q?
9
Let n(r) = r - 2. Suppose 5*q = -0*q - 55. Let z = q - -17. Calculate the remainder when 9 is divided by n(z).
1
Let w(n) = -n**2 + 10*n + 129. Calculate the remainder when 37 is divided by w(-7).
7
Let a = 2 - -34. Calculate the remainder when a is divided by 13.
10
What is the remainder when 868 is divided by (-32)/(-1) - (26 + -24)?
28
Suppose -12 = -3*t - 0*x + 4*x, -2*t - 4*x = -8. Suppose -s + 615 = t*s. What is the remainder when s is divided by 25?
23
Let z(i) = i**2 - 4*i. Let h = 1 - -3. Let t be z(h). Suppose 4*s - 64 - 20 = t. Calculate the remainder when 81 is divided by s.
18
Let m(s) = s**3 - 25*s**2 + 9. Let h be m(25). Suppose -o + 10 = -h. What is the remainder when 67 is divided by o?
10
Suppose 0 = 4*b - 10*b - 474. Let p = b + 143. Suppose p = 5*x + 19. Calculate the remainder when x is divided by 3.
0
What is the remainder when 65 is divided by 17 - (80/2)/10?
0
Suppose 6*m = 827 + 619. Calculate the remainder when m is divided by 11.
10
Suppose 4 = s - 4. Let y be 11 + 2 + 1 + -7. Calculate the remainder when (2 - 48/(-21))*y is divided by s.
6
What is the remainder when 1838 is divided by (0 + 2)/((-121)/(-1210))?
18
Let t(k) = k**3 - 3*k**2 - 5*k + 7. Let m be t(4). Let g = m + 8. Calculate the remainder when 52 is divided by g.
8
Let g = 64 + -58. Suppose 4*y = -4*a + g*a + 84, 4*y = 3*a + 88. Calculate the remainder when 93 is divided by y.
17
Let g(d) = 77*d + 29. What is the remainder when g(5) is divided by 52?
50
Let k = 572 + -436. Calculate the remainder when 277 is divided by k.
5
Let a = -958 - -971. What is the remainder when 65 is divided by a?
0
Let l(o) = -o**3 + 8*o**2 + 9*o + 2. Let n be l(9). Suppose 4*m + 5*v = 2*m + 99, n*m - 4*v - 126 = 0. Calculate the remainder when m is divided by 15.
12
Let m be -3 - 56/(-20) - 956/(-5). Suppose -3*k - 5*i + 86 = 0, 5*k + 4*i + 39 - m = 0. Calculate the remainder when 63 is divided by k.
31
Let a(w) = -2*w + 40. Let s(z) = 4*z - 81. Let n(k) = 5*a(k) + 2*s(k). What is the remainder when 45 is divided by n(7)?
21
Let g(o) = 6*o + 15. Let m be g(-3). What is the remainder when (-1 - -11) + m*3/(-9) is divided by 7?
4
Let l(x) = x**2 - 2*x - 438. Calculate the remainder when 171 is divided by l(-21).
36
Suppose 0 = -q - 2 + 37. Let h = 8 - 0. What is the remainder when 290/14 + 10/q is divided by h?
5
Calculate the remainder when 194 - 5/((-35)/28) is divided by 29.
24
Let r = 24 - 14. Suppose -6*l + r*l = 288. Calculate the remainder when l is divided by 15.
12
Suppose 240 = 2*f - 0*f - 2*k, -k = -5*f + 612. What is the remainder when f is divided by 21?
18
Let n(t) = -t**2 - 39*t - 264. Let y(c) = c**3 - 5*c**2 - 7. What is the remainder when y(6) is divided by n(-30)?
5
Suppose -14 = -3*u + 1. Suppose 0 = b + u*b + 156. What is the remainder when 4/b + (-870)/(-78) is divided by 3?
2
Let z = 158 - 88. Suppose g = 4*c - 71, 0 = -0*c + c + 4*g - 22. What is the remainder when z is divided by c?
16
Suppose -5*m = -433 + 128. Calculate the remainder when m is divided by (-4*(-10 + 2))/2 - 0.
13
Let h = -1301 + 1304. Let t(c) be the second derivative of c**3/3 + 3*c**2/2 - 3*c. Calculate the remainder when t(3) is divided by h.
0
Suppose 5*r - 28 = 4*r. Suppose -p + i + r = -3*i, -i = 4*p - 27. What is the remainder when p is divided by 2?
0
Suppose 0 = -12*p + 6*p + 18. Suppose p*t = 5*i - 79, -3*i + 0*t + 30 = 4*t. Calculate the remainder when i is divided by 10.
4
What is the remainder when 83 is divided by (70/4)/(98/196)?
13
Let i(f) = -23*f**3 + f**2 - 2*f - 2. Calculate the remainder when 95 is divided by i(-1).
23
Let q(k) be the first derivative of -5*k**2/2 - 7*k + 2. Suppose 102 = 2*z + 108. What is the remainder when q(z) is divided by 6?
2
What is the remainder when 46 is divided by -2 - ((-3)/(3/34))/2?
1
Let p(t) = t - 13. Let j be 2/(-2 + 85/40). What is the remainder when p(j) is divided by 2?
1
Let j = 55 - 217. Let p = 173 + j. What is the remainder when 41 is divided by p?
8
Suppose 14 = 2*b + 2. Suppose -5*g - 15 = 0, -17 = -2*p + 3*g + 6. Calculate the remainder when 9/(-3)*(b - 10) is divided by p.
5
Suppose 5*z + 5*k = 75, 20*k + 51 = 4*z + 21*k. What is the remainder when 2159 is divided by z?
11
Let l(c) = 2*c**3 - 5*c**2 - 4*c + 1. Let o be l(4). Let t = o - 12. Let x = 48 - 42. Calculate the remainder when t is divided by x.
3
Let f(b) = 8*b - 1. Let z be ((-8)/4)/(-3*4/(-24)). What is the remainder when f(2) is divided by (-10)/z*-2 + 13?
7
Suppose -4*j - 25 = -o, 42 = -6*o + 8*o - 4*j. Calculate the remainder when 64 is divided by o.
13
Calculate the remainder when 553/5 - 8/(-20) is divided by 8.
7
Suppose 53 - 20 = c. Suppose 114*m - 397 = -298 + 357. What is the remainder when c is divided by m?
1
Suppose -q - 2*u + 96 = 3*u, 2*q - 2*u - 216 = 0. Suppose 3*x - q = -16. Calculate the remainder when x is divided by 8.
6
Calculate the remainder when 5 - 1/(6/(-727 - -1)) is divided by 32.
30
Suppose 4*o = 12, -3*x + 4*o + 193 = 2*x. What is the remainder when x is divided by 17?
7
Suppose -3*v = -3 - 6. Let c be (344/12 - 0)*v. Suppose 2*f - 4*f = -c. What is the remainder when f is divided by 23?
20
Suppose 0 = 3*d - 5*u - 15, 0 = -u - 2 - 1. Suppose d = l + 9*l - 160. Calculate the remainder when 78 is divided by l.
14
Suppose 5*d = 5*i - 325, 5*i - 341 = -0*i - 3*d. Let v = i + -55. Calculate the remainder when 201 is divided by v.
9
Let c(i) = 800*i. Let d be c(-5). What is the remainder when 141 is divided by (-4)/(-14) - d/112?
33
Let l be (33/6 + -1)*48 - 1. Suppose -7*m = -2*m - l. What is the remainder when m is divided by 1/(24/22 + -1)?
10
Let g(r) = 12*r**3 + r**2 - 3*r + 3. Let n(y) = 5*y**3 - 14*y**2 + 8*y - 8. Calculate the remainder when g(2) is divided by n(3).
22
Suppose -3*t - 5 = -4*t. Calculate the remainder when 58 is divided by t.
3
Suppose 0*x + 4*x - 96 = 0. Suppose 0 = -21*c + 26*c - 20. Suppose -304 - 72 = -c*i. Calculate the remainder when i is divided by x.
22
Let r = -1